2
Suppose 2*f = 2*p + 114 - 440, 0 = 4*p - 2*f - 646. What is the units digit of p?
0
Suppose -u - u - 2*i = -368, 4*u + 5*i = 741. Suppose 4*y - 711 = 5*p, -y - p = -2*y + u. What is the units digit of y?
4
Suppose n + 8 = 2*z, 0 = -z + 4 - 0. Let b be n + -6 + -2 + 0. Let u = b - -13. What is the units digit of u?
5
Suppose -h + 12 = 3*h. Suppose 0*x + 3*x - 9 = 0, h*i - 123 = -3*x. What is the units digit of i?
8
Suppose -4*u + 16 = 0, 0 = n + 2*u - 9 + 1. Suppose 3*a - 2*h = 130, -2*a + h + h + 90 = n. What is the units digit of a?
0
Let g(h) be the second derivative of -4*h**5/5 - h**4/3 - 4*h. Let m(n) = -49*n**3 - 11*n**2. Let c(x) = -8*g(x) + 3*m(x). What is the units digit of c(-1)?
8
Suppose 7*m = 3*m - 16. Let k(a) = -6*a - 5. Let u be k(m). Suppose j - 32 = -f, -u - 53 = -2*f + 2*j. What is the units digit of f?
4
Suppose -720 + 192 = -8*f. Suppose -f + 84 = h. What is the units digit of h?
8
Let c = -283 + 225. Suppose 0 = -2*j + 5*j + 9. Let m = j - c. What is the tens digit of m?
5
Let p be 75 - 1 - 12/(-6). What is the tens digit of ((-6)/(-4))/(6/p)?
1
What is the hundreds digit of (8 + 1780/(-12))/(3/(-9))?
4
Let c(o) = -o**2 - o + 3. Suppose s - 1 = -w + 2, -w - 3*s = -5. Let d be c(w). What is the tens digit of (78/d)/((-2)/4)?
5
Let o(z) = 3*z**3 + 8*z - 11. What is the tens digit of o(5)?
0
Suppose -31*k + 44*k - 14937 = 0. What is the units digit of k?
9
Suppose 0*s + 5*s + 2*a - 46 = 0, 5*s = -a + 43. What is the tens digit of (-92)/(-20)*-2*(3 - s)?
4
Let m be (-4)/(-22) - 92/22. Let u = -2 - m. What is the units digit of ((-15)/45)/(u/(-24))?
4
Suppose 0 = 8*a + 229 - 1109. What is the hundreds digit of a?
1
Suppose 8*p = 7*p + 8. Suppose 0 = p*y - 458 - 270. What is the tens digit of y?
9
Let f = 3 - 0. Suppose m - 95 = -4*q - 2*m, -f*q + 5*m = -35. Suppose -40*w + q = -36*w. What is the units digit of w?
5
Suppose 39*y - 5150 = 14*y. What is the units digit of y?
6
Suppose -22*u + 80359 = -24207. What is the hundreds digit of u?
7
What is the hundreds digit of (-242)/(-33) - 5 - (-11056)/6?
8
Let l(k) be the third derivative of 3*k**2 - k**3 + 0*k + 0 - 2/3*k**4. What is the tens digit of l(-2)?
2
Let x(s) = -3*s + 6 - 4*s + 5*s + s. Let t be x(4). Suppose -6*z + 56 = -t*z. What is the units digit of z?
4
Suppose w + l - 3 = 18, 0 = -5*w + l + 75. Suppose 2*z + 20 = 5*c, -z + w = 4*c + 3*z. Suppose j - 65 = -c*j. What is the units digit of j?
3
Suppose -5*h - h + 3762 = 0. What is the units digit of h?
7
Let q(w) = 2*w**2 + 3*w - 3. Let g be q(2). Let x(l) = -l + 15. Let a be x(g). Suppose a*i - 14 = 2*i. What is the units digit of i?
7
Let u be (-1)/((-5)/(2 - -63)). Let d(n) = 2*n - 26. Let c be d(u). Suppose -3*o = 3*l + 61 - 190, -3*o - 5*l + 139 = c. What is the tens digit of o?
3
Let y be (5 + -2)*(-2)/6. What is the units digit of y/(-3*(-2)/(-1158)) + 4?
7
Let u(w) = w**2 + 2*w - 10. Let r = -2 - 3. Let o be u(r). Suppose c + o*v + 9 - 27 = 0, 4*c - 5*v + 3 = 0. What is the units digit of c?
3
Suppose 0 = -m + y + 6147, 25*y - 26*y = 1. What is the tens digit of m?
4
Let z = -597 + 955. What is the tens digit of z?
5
Suppose -174*w + 178*w - 6324 = 0. What is the hundreds digit of w?
5
Let k(i) = 26*i**2 + 4*i - 17. What is the units digit of k(5)?
3
What is the units digit of 8/((-372)/(-123) + -3)?
8
Suppose -z = -3*k + 760, 4*k = -0*k + 2*z + 1010. Suppose -4*n = -3*x - k, -2*n - n + 3*x = -189. What is the tens digit of n?
6
Suppose -2*z - k + 5 = 0, -2*z + 9 = 6*k - k. Suppose -5*m + 7 = 2. Let g = z - m. What is the units digit of g?
1
Let i(c) = -13*c + 11. Let b be i(-7). Suppose -b = -7*y + 94. What is the tens digit of y?
2
Suppose -4*x = -v + 2857, 23*v = 22*v - 2*x + 2839. What is the units digit of v?
5
Let u be 6*(0 + 9/6). Suppose -8*n = -u*n + 78. Suppose 2*b = -4 + 2, 2*b = 2*l - n. What is the tens digit of l?
3
Suppose 0 = -o - t - 2*t + 47, 4 = 4*t. Suppose o*m = 40*m + 804. What is the hundreds digit of m?
2
What is the thousands digit of 3 - -3 - (3843/(-3) - -4)?
1
Let l = -3788 + 6589. What is the tens digit of l?
0
Let v be (-8)/(-1)*1 - 4. Suppose 292 + 12 = v*q. What is the tens digit of q?
7
Let t(g) = g**3 + 10*g**2 + 14*g - 11. Let v(h) = -8*h**2 + 2*h - 2. Let d be v(1). What is the units digit of t(d)?
5
Let n(t) = -12*t**2 - 12*t**2 + t**3 + 33*t**2 - t + 4. What is the units digit of n(-8)?
6
Let f(h) = -3*h - 81. Let n(j) = -2*j - 40. Let s(z) = 2*f(z) - 5*n(z). What is the tens digit of s(20)?
1
What is the tens digit of 2/(1547/154 + -10)?
4
Suppose -5*l - 10 = -4*l. What is the units digit of ((-8)/l)/((-16)/(-1640))?
2
Let l(s) = 3 + 2*s**2 + 5*s**2 - 3*s**2 + 0*s - 2*s. Suppose f = 4*f + 3, -13 = -5*h + 3*f. What is the units digit of l(h)?
5
Suppose -3*h - 4 - 2 = 0. What is the tens digit of -1*(4 + -119 + h)?
1
Let d(h) = -4*h**2 - 1 - h - 2*h - h**3 + 0*h. Suppose z - 2 + 5 = -l, 3*z = -4*l - 13. What is the tens digit of d(l)?
1
Let w be (-6)/27 - 454/(-18). Let j = 27 - w. What is the units digit of j/2*(2 + 44)?
6
Let z = 3042 + -1543. What is the tens digit of z?
9
Let o be 54*(40/(-12))/5. Let t = o - -47. What is the tens digit of t?
1
Suppose 0*r = 3*r - 15. Suppose 4*a - 2*x = 74, -2*a - 2*a - r*x + 81 = 0. What is the tens digit of a?
1
Let m(d) = -75*d - 191. What is the hundreds digit of m(-10)?
5
Let l be 1575/27 + (-1)/3 - -1. What is the units digit of (-3 - -4) + 2 + -2 + l?
0
Suppose -4*b + 2 = -3*f, -2*f + 2*b + 1 = -1. What is the hundreds digit of (f/(-2))/(-3) + (-255)/(-1)?
2
Suppose -21*h + 31*h - 1440 = 0. What is the tens digit of h?
4
Let z(a) be the third derivative of a**5/30 + a**4/4 - 7*a**2. What is the tens digit of z(-5)?
2
Let d be (-5 - (-5 + 6))*2/6. Let f(z) = 4*z. Let c(n) = -1. Let b(v) = 5*c(v) - f(v). What is the units digit of b(d)?
3
Let v(u) = -u + 7. Let x be v(13). Let y(w) = -w**3 - 4*w**2 - 4*w - 14. What is the tens digit of y(x)?
8
Let i = 134 + -132. Let t = -20 + 74. What is the units digit of (i/3)/(36/t)?
1
Suppose 152 = -5*o + 932. What is the hundreds digit of o?
1
Let d = -21 + 27. What is the units digit of 580/(-30)*d/(-4)?
9
Suppose -3*p + 0*p + 93 = 0. Let h(c) = -14*c + 94. Let m be h(7). Let k = p + m. What is the tens digit of k?
2
Suppose -a = 4, a - 4*a = y - 120. What is the units digit of (2 + 14/6)/(4/y)?
3
Suppose 0 = -4*m - 2*k + 22, -3*k + 27 = 3*m + 2*k. Let q(y) = -y**3 + 3*y**2 + y + 4. Let j be q(m). What is the tens digit of ((-65)/2)/(j/16)?
6
Let f(c) = -5*c + 6. Let b(r) = -r**2 - 21*r + 24. Let i(n) = -2*b(n) + 9*f(n). Let g be i(6). What is the units digit of 3015/g - 2/8?
0
Suppose 0 = -3*t - t - 4. What is the tens digit of t/(5/(-10))*105/6?
3
Suppose 150 = -3*w + 13*w. Suppose 5*k + w = 145. What is the tens digit of k?
2
Suppose 0 = 4*b - 3 - 9. Suppose -3*c - b = r, 0 = 4*r - 5*c - 56 - 17. What is the units digit of r?
2
Let a = -519 - -1145. What is the units digit of a?
6
Let d(b) be the third derivative of -1/12*b**4 - 1/120*b**6 - 5*b**2 + 1/6*b**3 + 0 + 0*b - 1/15*b**5. What is the units digit of d(-4)?
9
Let v(k) = -534*k + 312. What is the units digit of v(-5)?
2
Suppose 2*g + 2 = -4. Let m be g + (-21 - 3) - -1. What is the tens digit of (-4)/(-1)*m/(-8)?
1
Let k = 174 - 96. What is the units digit of k?
8
Let v = -65 + 71. Let o(p) = -2*p + 8. Let f be o(7). What is the tens digit of ((-74)/v)/(2/f)?
3
Let v = -556 - -1273. What is the tens digit of v?
1
Let o = 1310 + 91. What is the units digit of o?
1
Let o be (-25)/(-5)*(3 - 2). Suppose 4 = -o*z + z. Let m = z - -38. What is the units digit of m?
7
Let i be 1 + -5 + 4 - -3. Let b be 5/i*(7 + -4). Suppose b*p = 4*w + 17, 6*p + 5*w = 5*p - 14. What is the units digit of p?
1
Suppose -29 = -5*d + 31. Suppose 5*l + 6 = 3*t, 0*t = 4*t + d. Let g = l + 12. What is the units digit of g?
9
Suppose 4 = 4*z, -2*z = -5*l - 3 + 1. Suppose l*x - 5*x = -10. Suppose 87 = 3*n + 5*r, x*n = -n - 4*r + 90. What is the tens digit of n?
3
Suppose 50*w - 285 = 47*w. Suppose 227 + w = 2*k. What is the units digit of k?
1
Let n be 10/8*(5 + -1). Suppose n*i = -20 - 5. Let y = i + 32. What is the units digit of y?
7
Suppose 2*s - 117 = -j, 4*s = -2*j + 5*s + 219. What is the hundreds digit of j?
1
What is the units digit of (-8)/(-6) -